{"id":13483,"date":"2023-04-19T13:51:51","date_gmt":"2023-04-19T13:51:51","guid":{"rendered":"https:\/\/iyafp.net\/?page_id=13483"},"modified":"2025-03-01T14:51:06","modified_gmt":"2025-03-01T14:51:06","slug":"masculinite-et-feminite-positive","status":"publish","type":"page","link":"https:\/\/iyafp.net\/index.php\/masculinite-et-feminite-positive\/","title":{"rendered":"Masculinit\u00e9 et f\u00e9minit\u00e9 positive"},"content":{"rendered":"\t\t<div data-elementor-type=\"wp-page\" data-elementor-id=\"13483\" class=\"elementor elementor-13483\" data-elementor-post-type=\"page\">\n\t\t\t\t\t\t<section class=\"elementor-section elementor-top-section elementor-element elementor-element-2136da5 elementor-section-stretched elementor-section-boxed elementor-section-height-default elementor-section-height-default\" data-id=\"2136da5\" data-element_type=\"section\" data-settings=\"{&quot;stretch_section&quot;:&quot;section-stretched&quot;,&quot;background_background&quot;:&quot;classic&quot;}\">\n\t\t\t\t\t\t\t<div class=\"elementor-background-overlay\"><\/div>\n\t\t\t\t\t\t\t<div class=\"elementor-container elementor-column-gap-default\">\n\t\t\t\t\t<div class=\"elementor-column elementor-col-100 elementor-top-column elementor-element elementor-element-584405c\" data-id=\"584405c\" data-element_type=\"column\">\n\t\t\t<div class=\"elementor-widget-wrap elementor-element-populated\">\n\t\t\t\t\t\t<div class=\"elementor-element elementor-element-e509c13 elementor-widget elementor-widget-heading\" data-id=\"e509c13\" data-element_type=\"widget\" data-widget_type=\"heading.default\">\n\t\t\t\t<div class=\"elementor-widget-container\">\n\t\t\t\t\t<h2 class=\"elementor-heading-title elementor-size-default\">Masculinit\u00e9 et f\u00e9minit\u00e9 positive<\/h2>\t\t\t\t<\/div>\n\t\t\t\t<\/div>\n\t\t\t\t\t<\/div>\n\t\t<\/div>\n\t\t\t\t\t<\/div>\n\t\t<\/section>\n\t\t\t\t<section class=\"elementor-section elementor-top-section elementor-element elementor-element-fc9c385 elementor-section-content-middle elementor-section-boxed elementor-section-height-default elementor-section-height-default\" data-id=\"fc9c385\" data-element_type=\"section\">\n\t\t\t\t\t\t<div class=\"elementor-container elementor-column-gap-default\">\n\t\t\t\t\t<div class=\"elementor-column elementor-col-100 elementor-top-column elementor-element elementor-element-d346552\" data-id=\"d346552\" data-element_type=\"column\">\n\t\t\t<div class=\"elementor-widget-wrap elementor-element-populated\">\n\t\t\t\t\t\t<div class=\"elementor-element elementor-element-f867072 elementor-widget elementor-widget-text-editor\" data-id=\"f867072\" data-element_type=\"widget\" data-widget_type=\"text-editor.default\">\n\t\t\t\t<div class=\"elementor-widget-container\">\n\t\t\t\t\t\t\t\t\t<ul><li>Formation sur l\u2019approche f\u00e9minit\u00e9 et Masculinit\u00e9 positive au niveau communautaire et Institutionnel ;<\/li><li>Cr\u00e9ation des clubs des hommes engag\u00e9s sur la masculinit\u00e9 positive au niveau communautaire ;<\/li><li>Production des revues documentaires sur l\u2019approche f\u00e9minit\u00e9 et Masculinit\u00e9 Positive, comme outil de plaidoyer et mobilisation des ressources;<\/li><li>Sensibilisation sur la f\u00e9minit\u00e9 et Masculinit\u00e9 Positive dans la communaut\u00e9<br \/>Int\u00e9gration de l\u2019approche F\u00e9minit\u00e9 et Masculinit\u00e9 Positive au niveau des organisations partenaires.<\/li><\/ul>\t\t\t\t\t\t\t\t<\/div>\n\t\t\t\t<\/div>\n\t\t\t\t\t<\/div>\n\t\t<\/div>\n\t\t\t\t\t<\/div>\n\t\t<\/section>\n\t\t\t\t<\/div>\n\t\t","protected":false},"excerpt":{"rendered":"<p>Masculinit\u00e9 et f\u00e9minit\u00e9 positive Formation sur l\u2019approche f\u00e9minit\u00e9 et Masculinit\u00e9 positive au niveau communautaire et Institutionnel ; Cr\u00e9ation des clubs des hommes engag\u00e9s sur la masculinit\u00e9 positive au niveau communautaire ; Production des revues documentaires sur l\u2019approche f\u00e9minit\u00e9 et Masculinit\u00e9 Positive, comme outil de plaidoyer et mobilisation des ressources; Sensibilisation sur la f\u00e9minit\u00e9 et Masculinit\u00e9 [&hellip;]<\/p>\n","protected":false},"author":4,"featured_media":0,"parent":0,"menu_order":0,"comment_status":"closed","ping_status":"closed","template":"","meta":{"footnotes":""},"class_list":["post-13483","page","type-page","status-publish"],"yoast_head":"<!-- This site is optimized with the Yoast SEO plugin v26.8 - https:\/\/yoast.com\/product\/yoast-seo-wordpress\/ -->\n<title>Masculinit\u00e9 et f\u00e9minit\u00e9 positive - Iyafp.net<\/title>\n<meta name=\"description\" content=\"Masculinit\u00e9 et f\u00e9minit\u00e9 positive Formation sur l\u2019approche f\u00e9minit\u00e9 et Masculinit\u00e9 positive au niveau communautaire et Institutionnel ;Cr\u00e9ation des clubs\" \/>\n<meta name=\"robots\" content=\"index, nofollow, max-video-preview:-1, noimageindex, noarchive, nosnippet\" \/>\n<link rel=\"canonical\" href=\"https:\/\/iyafp.net\/index.php\/masculinite-et-feminite-positive\/\" \/>\n<script type=\"application\/ld+json\" class=\"yoast-schema-graph\">{\"@context\":\"https:\/\/schema.org\",\"@graph\":[{\"@type\":\"WebPage\",\"@id\":\"https:\/\/iyafp.net\/index.php\/masculinite-et-feminite-positive\/\",\"url\":\"https:\/\/iyafp.net\/index.php\/masculinite-et-feminite-positive\/\",\"name\":\"Masculinit\u00e9 et f\u00e9minit\u00e9 positive - Iyafp.net\",\"isPartOf\":{\"@id\":\"https:\/\/iyafp.net\/#website\"},\"datePublished\":\"2023-04-19T13:51:51+00:00\",\"dateModified\":\"2025-03-01T14:51:06+00:00\",\"description\":\"Masculinit\u00e9 et f\u00e9minit\u00e9 positive Formation sur l\u2019approche f\u00e9minit\u00e9 et Masculinit\u00e9 positive au niveau communautaire et Institutionnel ;Cr\u00e9ation des clubs\",\"breadcrumb\":{\"@id\":\"https:\/\/iyafp.net\/index.php\/masculinite-et-feminite-positive\/#breadcrumb\"},\"inLanguage\":\"fr-FR\",\"potentialAction\":[{\"@type\":\"ReadAction\",\"target\":[\"https:\/\/iyafp.net\/index.php\/masculinite-et-feminite-positive\/\"]}]},{\"@type\":\"BreadcrumbList\",\"@id\":\"https:\/\/iyafp.net\/index.php\/masculinite-et-feminite-positive\/#breadcrumb\",\"itemListElement\":[{\"@type\":\"ListItem\",\"position\":1,\"name\":\"Accueil\",\"item\":\"https:\/\/iyafp.net\/\"},{\"@type\":\"ListItem\",\"position\":2,\"name\":\"Masculinit\u00e9 et f\u00e9minit\u00e9 positive\"}]},{\"@type\":\"WebSite\",\"@id\":\"https:\/\/iyafp.net\/#website\",\"url\":\"https:\/\/iyafp.net\/\",\"name\":\"IYAFP\",\"description\":\"Libert\u00e9 de choix et de d\u00e9cision en Sant\u00e9 Sexuelle et reproductive sans discrimination\",\"publisher\":{\"@id\":\"https:\/\/iyafp.net\/#organization\"},\"potentialAction\":[{\"@type\":\"SearchAction\",\"target\":{\"@type\":\"EntryPoint\",\"urlTemplate\":\"https:\/\/iyafp.net\/?s={search_term_string}\"},\"query-input\":{\"@type\":\"PropertyValueSpecification\",\"valueRequired\":true,\"valueName\":\"search_term_string\"}}],\"inLanguage\":\"fr-FR\"},{\"@type\":\"Organization\",\"@id\":\"https:\/\/iyafp.net\/#organization\",\"name\":\"IYAFP\",\"url\":\"https:\/\/iyafp.net\/\",\"logo\":{\"@type\":\"ImageObject\",\"inLanguage\":\"fr-FR\",\"@id\":\"https:\/\/iyafp.net\/#\/schema\/logo\/image\/\",\"url\":\"https:\/\/iyafp.net\/wp-content\/uploads\/2023\/03\/LOGO-IYAFP-RDC.png\",\"contentUrl\":\"https:\/\/iyafp.net\/wp-content\/uploads\/2023\/03\/LOGO-IYAFP-RDC.png\",\"width\":1768,\"height\":908,\"caption\":\"IYAFP\"},\"image\":{\"@id\":\"https:\/\/iyafp.net\/#\/schema\/logo\/image\/\"},\"sameAs\":[\"https:\/\/web.facebook.com\/IYAFPofficiel\",\"https:\/\/x.com\/IYAFP1\",\"https:\/\/www.linkedin.com\/company\/iyafprdc\/\",\"https:\/\/www.youtube.com\/@iyafprdc\",\"https:\/\/www.tiktok.com\/@iyafprd\"]}]}<\/script>\n<!-- \/ Yoast SEO plugin. -->","yoast_head_json":{"title":"Masculinit\u00e9 et f\u00e9minit\u00e9 positive - Iyafp.net","description":"Masculinit\u00e9 et f\u00e9minit\u00e9 positive Formation sur l\u2019approche f\u00e9minit\u00e9 et Masculinit\u00e9 positive au niveau communautaire et Institutionnel ;Cr\u00e9ation des clubs","robots":{"index":"index","follow":"nofollow","max-video-preview":"max-video-preview:-1","imageindex":"noimageindex","archive":"noarchive","snippet":"nosnippet"},"canonical":"https:\/\/iyafp.net\/index.php\/masculinite-et-feminite-positive\/","schema":{"@context":"https:\/\/schema.org","@graph":[{"@type":"WebPage","@id":"https:\/\/iyafp.net\/index.php\/masculinite-et-feminite-positive\/","url":"https:\/\/iyafp.net\/index.php\/masculinite-et-feminite-positive\/","name":"Masculinit\u00e9 et f\u00e9minit\u00e9 positive - Iyafp.net","isPartOf":{"@id":"https:\/\/iyafp.net\/#website"},"datePublished":"2023-04-19T13:51:51+00:00","dateModified":"2025-03-01T14:51:06+00:00","description":"Masculinit\u00e9 et f\u00e9minit\u00e9 positive Formation sur l\u2019approche f\u00e9minit\u00e9 et Masculinit\u00e9 positive au niveau communautaire et Institutionnel ;Cr\u00e9ation des clubs","breadcrumb":{"@id":"https:\/\/iyafp.net\/index.php\/masculinite-et-feminite-positive\/#breadcrumb"},"inLanguage":"fr-FR","potentialAction":[{"@type":"ReadAction","target":["https:\/\/iyafp.net\/index.php\/masculinite-et-feminite-positive\/"]}]},{"@type":"BreadcrumbList","@id":"https:\/\/iyafp.net\/index.php\/masculinite-et-feminite-positive\/#breadcrumb","itemListElement":[{"@type":"ListItem","position":1,"name":"Accueil","item":"https:\/\/iyafp.net\/"},{"@type":"ListItem","position":2,"name":"Masculinit\u00e9 et f\u00e9minit\u00e9 positive"}]},{"@type":"WebSite","@id":"https:\/\/iyafp.net\/#website","url":"https:\/\/iyafp.net\/","name":"IYAFP","description":"Libert\u00e9 de choix et de d\u00e9cision en Sant\u00e9 Sexuelle et reproductive sans discrimination","publisher":{"@id":"https:\/\/iyafp.net\/#organization"},"potentialAction":[{"@type":"SearchAction","target":{"@type":"EntryPoint","urlTemplate":"https:\/\/iyafp.net\/?s={search_term_string}"},"query-input":{"@type":"PropertyValueSpecification","valueRequired":true,"valueName":"search_term_string"}}],"inLanguage":"fr-FR"},{"@type":"Organization","@id":"https:\/\/iyafp.net\/#organization","name":"IYAFP","url":"https:\/\/iyafp.net\/","logo":{"@type":"ImageObject","inLanguage":"fr-FR","@id":"https:\/\/iyafp.net\/#\/schema\/logo\/image\/","url":"https:\/\/iyafp.net\/wp-content\/uploads\/2023\/03\/LOGO-IYAFP-RDC.png","contentUrl":"https:\/\/iyafp.net\/wp-content\/uploads\/2023\/03\/LOGO-IYAFP-RDC.png","width":1768,"height":908,"caption":"IYAFP"},"image":{"@id":"https:\/\/iyafp.net\/#\/schema\/logo\/image\/"},"sameAs":["https:\/\/web.facebook.com\/IYAFPofficiel","https:\/\/x.com\/IYAFP1","https:\/\/www.linkedin.com\/company\/iyafprdc\/","https:\/\/www.youtube.com\/@iyafprdc","https:\/\/www.tiktok.com\/@iyafprd"]}]}},"_links":{"self":[{"href":"https:\/\/iyafp.net\/index.php\/wp-json\/wp\/v2\/pages\/13483","targetHints":{"allow":["GET"]}}],"collection":[{"href":"https:\/\/iyafp.net\/index.php\/wp-json\/wp\/v2\/pages"}],"about":[{"href":"https:\/\/iyafp.net\/index.php\/wp-json\/wp\/v2\/types\/page"}],"author":[{"embeddable":true,"href":"https:\/\/iyafp.net\/index.php\/wp-json\/wp\/v2\/users\/4"}],"replies":[{"embeddable":true,"href":"https:\/\/iyafp.net\/index.php\/wp-json\/wp\/v2\/comments?post=13483"}],"version-history":[{"count":3,"href":"https:\/\/iyafp.net\/index.php\/wp-json\/wp\/v2\/pages\/13483\/revisions"}],"predecessor-version":[{"id":14321,"href":"https:\/\/iyafp.net\/index.php\/wp-json\/wp\/v2\/pages\/13483\/revisions\/14321"}],"wp:attachment":[{"href":"https:\/\/iyafp.net\/index.php\/wp-json\/wp\/v2\/media?parent=13483"}],"curies":[{"name":"wp","href":"https:\/\/api.w.org\/{rel}","templated":true}]}}

Masculinité et féminité positive

<div data-elementor-type="wp-page" data-elementor-id="13483" class="elementor elementor-13483" data-elementor-post-type="page">
						<section class="elementor-section elementor-top-section elementor-element elementor-element-2136da5 elementor-section-stretched elementor-section-boxed elementor-section-height-default elementor-section-height-default" data-id="2136da5" data-element_type="section" data-settings="{&quot;stretch_section&quot;:&quot;section-stretched&quot;,&quot;background_background&quot;:&quot;classic&quot;}">
							<div class="elementor-background-overlay"></div>
							<div class="elementor-container elementor-column-gap-default">
					<div class="elementor-column elementor-col-100 elementor-top-column elementor-element elementor-element-584405c" data-id="584405c" data-element_type="column">
			<div class="elementor-widget-wrap elementor-element-populated">
						<div class="elementor-element elementor-element-e509c13 elementor-widget elementor-widget-heading" data-id="e509c13" data-element_type="widget" data-widget_type="heading.default">
				<div class="elementor-widget-container">
					<h2 class="elementor-heading-title elementor-size-default">Masculinité et féminité positive</h2>				</div>
				</div>
					</div>
		</div>
					</div>
		</section>
				<section class="elementor-section elementor-top-section elementor-element elementor-element-fc9c385 elementor-section-content-middle elementor-section-boxed elementor-section-height-default elementor-section-height-default" data-id="fc9c385" data-element_type="section">
						<div class="elementor-container elementor-column-gap-default">
					<div class="elementor-column elementor-col-100 elementor-top-column elementor-element elementor-element-d346552" data-id="d346552" data-element_type="column">
			<div class="elementor-widget-wrap elementor-element-populated">
						<div class="elementor-element elementor-element-f867072 elementor-widget elementor-widget-text-editor" data-id="f867072" data-element_type="widget" data-widget_type="text-editor.default">
				<div class="elementor-widget-container">
									<ul><li>Formation sur l’approche féminité et Masculinité positive au niveau communautaire et Institutionnel ;</li><li>Création des clubs des hommes engagés sur la masculinité positive au niveau communautaire ;</li><li>Production des revues documentaires sur l’approche féminité et Masculinité Positive, comme outil de plaidoyer et mobilisation des ressources;</li><li>Sensibilisation sur la féminité et Masculinité Positive dans la communauté<br />Intégration de l’approche Féminité et Masculinité Positive au niveau des organisations partenaires.</li></ul>								</div>
				</div>
					</div>
		</div>
					</div>
		</section>
				</div>

<p>Masculinité et féminité positive Formation sur l’approche féminité et Masculinité positive au niveau communautaire et Institutionnel ; Création des clubs des hommes engagés sur la masculinité positive au niveau communautaire ; Production des revues documentaires sur l’approche féminité et Masculinité Positive, comme outil de plaidoyer et mobilisation des ressources; Sensibilisation sur la féminité et Masculinité [&hellip;]</p>

<!-- This site is optimized with the Yoast SEO plugin v26.8 - https://yoast.com/product/yoast-seo-wordpress/ -->
<title>Masculinité et féminité positive - Iyafp.net</title>
<meta name="description" content="Masculinité et féminité positive Formation sur l’approche féminité et Masculinité positive au niveau communautaire et Institutionnel ;Création des clubs" />
<meta name="robots" content="index, nofollow, max-video-preview:-1, noimageindex, noarchive, nosnippet" />
<link rel="canonical" href="https://iyafp.net/index.php/masculinite-et-feminite-positive/" />
<script type="application/ld+json" class="yoast-schema-graph">{"@context":"https://schema.org","@graph":[{"@type":"WebPage","@id":"https://iyafp.net/index.php/masculinite-et-feminite-positive/","url":"https://iyafp.net/index.php/masculinite-et-feminite-positive/","name":"Masculinité et féminité positive - Iyafp.net","isPartOf":{"@id":"https://iyafp.net/#website"},"datePublished":"2023-04-19T13:51:51+00:00","dateModified":"2025-03-01T14:51:06+00:00","description":"Masculinité et féminité positive Formation sur l’approche féminité et Masculinité positive au niveau communautaire et Institutionnel ;Création des clubs","breadcrumb":{"@id":"https://iyafp.net/index.php/masculinite-et-feminite-positive/#breadcrumb"},"inLanguage":"fr-FR","potentialAction":[{"@type":"ReadAction","target":["https://iyafp.net/index.php/masculinite-et-feminite-positive/"]}]},{"@type":"BreadcrumbList","@id":"https://iyafp.net/index.php/masculinite-et-feminite-positive/#breadcrumb","itemListElement":[{"@type":"ListItem","position":1,"name":"Accueil","item":"https://iyafp.net/"},{"@type":"ListItem","position":2,"name":"Masculinité et féminité positive"}]},{"@type":"WebSite","@id":"https://iyafp.net/#website","url":"https://iyafp.net/","name":"IYAFP","description":"Liberté de choix et de décision en Santé Sexuelle et reproductive sans discrimination","publisher":{"@id":"https://iyafp.net/#organization"},"potentialAction":[{"@type":"SearchAction","target":{"@type":"EntryPoint","urlTemplate":"https://iyafp.net/?s={search_term_string}"},"query-input":{"@type":"PropertyValueSpecification","valueRequired":true,"valueName":"search_term_string"}}],"inLanguage":"fr-FR"},{"@type":"Organization","@id":"https://iyafp.net/#organization","name":"IYAFP","url":"https://iyafp.net/","logo":{"@type":"ImageObject","inLanguage":"fr-FR","@id":"https://iyafp.net/#/schema/logo/image/","url":"https://iyafp.net/wp-content/uploads/2023/03/LOGO-IYAFP-RDC.png","contentUrl":"https://iyafp.net/wp-content/uploads/2023/03/LOGO-IYAFP-RDC.png","width":1768,"height":908,"caption":"IYAFP"},"image":{"@id":"https://iyafp.net/#/schema/logo/image/"},"sameAs":["https://web.facebook.com/IYAFPofficiel","https://x.com/IYAFP1","https://www.linkedin.com/company/iyafprdc/","https://www.youtube.com/@iyafprdc","https://www.tiktok.com/@iyafprd"]}]}</script>
<!-- / Yoast SEO plugin. -->

Masculinité et féminité positive - Iyafp.net

Masculinité et féminité positive Formation sur l’approche féminité et Masculinité positive au niveau communautaire et Institutionnel ;Création des clubs

Liberté de choix et de décision en Santé Sexuelle et reproductive sans discrimination
